se 16) to base 10
35
Convert 122 (base 4) to base 10.
26
0 (base 2) to base 8
0
1 (base 12) to base 6
1
0 (base 13) to base 3
0
Convert 1100 (base 2) to base 13.
c
341 (base 5) to base 9
116
Convert -c (base 14) to base 8.
-14
Convert -65 (base 8) to base 12.
-45
What is 40 (base 14) in base 7?
110
What is -15 (base 10) in base 11?
-14
What is 168 (base 11) in base 13?
120
-46 (base 16) to base 6
-154
Convert 2103 (base 4) to base 5.
1042
Convert -303 (base 7) to base 12.
-106
What is 23 (base 4) in base 12?
b
What is -71 (base 13) in base 8?
-134
What is 10 (base 5) in base 9?
5
Convert 10010 (base 3) to base 8.
124
2 (base 7) to base 5
2
Convert 1303 (base 5) to base 8.
313
What is -17b (base 14) in base 4?
-10301
2 (base 11) to base 6
2
Convert -11 (base 8) to base 3.
-100
What is -13 (base 5) in base 6?
-12
-54 (base 7) to base 6
-103
Convert 19 (base 12) to base 8.
25
Convert 1 (base 14) to base 4.
1
-4 (base 10) to base 15
-4
Convert 2 (base 9) to base 15.
2
1 (base 16) to base 11
1
138 (base 9) to base 8
164
-12 (base 8) to base 14
-a
What is -40 (base 5) in base 10?
-20
Convert -10001001 (base 2) to base 10.
-137
0 (base 10) to base 15
0
What is -444 (base 6) in base 5?
-1142
Convert 3 (base 16) to base 11.
3
What is -154 (base 6) in base 13?
-55
What is 4 (base 14) in base 10?
4
3 (base 4) to base 3
10
Convert -2133 (base 5) to base 4.
-10211
Convert -112 (base 10) to base 12.
-94
-4 (base 9) to base 12
-4
-12001 (base 3) to base 10
-136
0 (base 13) to base 9
0
2 (base 16) to base 9
2
What is 112 (base 3) in base 4?
32
Convert 51 (base 8) to base 4.
221
0 (base 5) to base 11
0
What is 410 (base 6) in base 14?
aa
Convert 101000 (base 2) to base 11.
37
Convert -5 (base 9) to base 5.
-10
Convert -24 (base 16) to base 7.
-51
10110 (base 2) to base 13
19
Convert -117 (base 8) to base 4.
-1033
-2 (base 4) to base 12
-2
What is -11000 (base 2) in base 6?
-40
Convert -3b (base 14) to base 13.
-41
Convert -14f (base 16) to base 11.
-285
Convert 3 (base 8) to base 16.
3
Convert 1 (base 7) to base 16.
1
What is -13 (base 15) in base 9?
-20
Convert 11 (base 11) to base 14.
c
What is 1231 (base 5) in base 10?
191
-1 (base 4) to base 5
-1
Convert 3 (base 14) to base 9.
3
What is -42 (base 5) in base 14?
-18
Convert -22 (base 3) to base 14.
-8
Convert 1a (base 13) to base 9.
25
237 (base 11) to base 3
101110
Convert -10 (base 5) to base 16.
-5
Convert -20 (base 5) to base 4.
-22
-b2 (base 14) to base 13
-c0
What is -3a (base 11) in base 16?
-2b
-6 (base 14) to base 6
-10
-3 (base 6) to base 7
-3
-21 (base 7) to base 9
-16
Convert 2 (base 3) to base 13.
2
Convert -1313 (base 4) to base 11.
-a9
What is 140 (base 5) in base 8?
55
What is 161 (base 14) in base 5?
2111
Convert -b8 (base 13) to base 12.
-107
147 (base 9) to base 3
11121
What is -54 (base 15) in base 10?
-79
What is -10220 (base 3) in base 10?
-105
What is -2a (base 11) in base 4?
-200
Convert 46 (base 15) to base 3.
2110
Convert 1 (base 13) to base 3.
1
Convert -3 (base 13) to base 15.
-3
Convert 133 (base 4) to base 13.
25
-25 (base 15) to base 4
-203
10 (base 4) to base 14
4
What is 5 (base 11) in base 7?
5
Convert 38 (base 10) to base 16.
26
0 (base 14) to base 13
0
253 (base 8) to base 10
171
Convert 10 (base 4) to base 3.
11
What is -1 (base 7) in base 16?
-1
Convert -6 (base 12) to base 8.
-6
What is 122 (base 5) in base 6?
101
Convert 3 (base 10) to base 11.
3
41 (base 13) to base 7
104
Convert 3 (base 10) to base 8.
3
-37 (base 15) to base 6
-124
303 (base 4) to base 7
102
Convert -201 (base 3) to base 5.
-34
What is 25 (base 6) in base 2?
10001
What is -9 (base 10) in base 9?
-10
What is 1 (base 15) in base 5?
1
4 (base 6) to base 11
4
Convert -250 (base 6) to base 10.
-102
What is -53 (base 13) in base 8?
-104
Convert -5 (base 13) to base 14.
-5
What is -1 (base 14) in base 6?
-1
1000101 (base 2) to base 5
234
Convert -10 (base 14) to base 9.
-15
What is -16 (base 9) in base 7?
-21
What is -131 (base 10) in base 7?
-245
25 (base 7) to base 2
10011
What is 4 (base 10) in base 3?
11
Convert -1221 (base 5) to base 12.
-136
Convert 4 (base 6) to base 12.
4
What is 110111 (base 2) in base 5?
210
2 (base 7) to base 6
2
2 (base 7) to base 2
10
-143 (base 10) to base 13
-b0
203 (base 6) to base 11
69
Convert -405 (base 6) to base 14.
-a9
-7 (base 11) to base 9
-7
Convert 51 (base 12) to base 11.
56
Convert 15d (base 14) to base 13.
186
-11121 (base 3) to base 8
-174
What is -1 (base 11) in base 15?
-1
Convert -1 (base 15) to base 5.
-1
What is -12 (base 4) in base 6?
-10
What is 13 (base 5) in base 14?
8
Convert -3 (base 13) to base 10.
-3
What is 5 (base 8) in base 9?
5
What is -8 (base 12) in base 10?
-8
4 (base 16) to base 4
10
Convert 77 (base 15) to base 6.
304
Convert -121 (base 4) to base 11.
-23
Convert -5 (base 7) to base 15.
-5
What is -9d (base 15) in base 2?
-10010100
What is -1 (base 2) in base 4?
-1
Convert -14 (base 10) to base 8.
-16
-1 (base 5) to base 6
-1
-34 (base 5) to base 6
-31
What is -41 (base 6) in base 16?
-19
-11001 (base 2) to base 5
-100
Convert 2 (base 14) to base 3.
2
1b (base 13) to base 11
22
-1012 (base 3) to base 6
-52
What is 1 (base 14) in base 9?
1
Convert -1011 (base 3) to base 10.
-31
Convert 10 (base 2) to base 14.
2
12 (base 3) to base 5
10
What is -11 (base 7) in base 2?
-1000
What is -4 (base 11) in base 8?
-4
What is -10 (base 3) in base 16?
-3
What is -1 (base 4) in base 10?
-1
Convert 7 (base 15) to base 12.
7
Convert -2 (base 4) to base 12.
-2
Convert -3 (base 6) to base 5.
-3
-2 (base 6) to base 3
-2
What is -10 (base 10) in base 16?
-a
-1 (base 5) to base 10
-1
Convert 49 (base 11) to base 8.
65
Convert -5 (base 6) to base 2.
-101
What is -35 (base 15) in base 5?
-200
Convert 53 (base 12) to base 6.
143
Convert 8 (base 10) to base 8.
10
Convert -101 (base 5) to base 11.
-24
What is 11 (base 11) in base 9?
13
Convert -2 (base 13) to base 7.
-2
What is 12 (base 11) in base 14?
d
Convert -201 (base 4) to base 3.
-1020
Convert -14 (base 14) to base 9.
-20
Convert -1120 (base 3) to base 4.
-222
Convert -1 (base 5) to base 15.
-1
What is -13 (base 5) in base 10?
-8
What is -50 (base 7) in base 4?
-203
3 (base 9) to base 8
3
-17 (base 10) to base 4
-101
51 (base 12) to base 9
67
What is 115 (base 6) in base 5?
142
What is -1 (base 11) in base 10?
-1
5 (base 10) to base 12
5
Convert -10100 (base 4) to base 16.
-110
What is 2 (base 12) in base 4?
2
-15 (base 13) to base 4
-102
-1 (base 4) to base 13
-1
-4 (base 5) to base 3
-11
What is 21202 (base 3) in base 4?
3101
Convert 5 (base 12) to base 14.
5
Convert 25 (base 11) to base 5.
102
What is -96 (base 10) in base 13?
-75
What is -3 (base 5) in base 9?
-3
26 (base 9) to base 5
44
What is -18 (base 15) in base 16?
-17
What is 101000011 (base 2) in base 12?
22b
-226 (base 9) to base 13
-114
What is -22210 (base 3) in base 6?
-1033
What is 4 (base 6) in base 14?
4
Convert 16 (base 9) to base 12.
13
What is -141 (base 5) in base 4?
-232
1011 (base 3) to base 6
51
What is 1a (base 11) in base 3?
210
Convert -54 (base 11) to base 12.
-4b
What is -20 (base 9) in base 12?
-16
0 (base 8) to base 10
0
-13 (base 14) to base 9
-18
2 (base 10) to base 9
2
-11232 (base 4) to base 16
-16e
Convert 1 (base 10) to base 2.
1
-152 (base 13) to base 3
-22202
Convert 220 (base 3) to base 10.
24
Convert -40 (base 8) to base 5.
-112
10100010 (base 2) to base 15
ac
Convert -13 (base 8) to base 16.
-b
What is -20 (base 9) in base 14?
-14
12 (base 8) to base 15
a
Convert -33 (base 13) to base 14.
-30
Convert 126 (base 11) to base 5.
1044
Convert -2 (base 16) to base 3.
-2
Convert 1001 (base 2) to base 5.
14
What is 146 (base 12) in base 5?
1243
105 (base 8) to base 5
234
What is 3 (base 7) in base 14?
3
What is -4 (base 11) in base 8?
-4
-8 (base 16) to base 14
-8
Convert -23 (base 5) to base 11.
-12
What is -43 (base 13) in base 15?
-3a
4 (base 8) to base 7
4
Convert 21 (base 6) to base 14.
d
Convert 1 (base 11) to base 16.
1
-aa (base 12) to base 16
-82
What is 3 (base 14) in base 11?
3
-1 (base 12) to base 14
-1
-14 (base 15) to base 11
-18
What is cc (base 16) in base 3?
21120
-59 (base 10) to base 4
-323
Convert -111000 (base 2) to base 6.
-132
20 (base 4) to base 2
1000
Convert -106 (base 7) to base 13.
-43
8 (